{"id":1389,"date":"2026-02-04T07:08:25","date_gmt":"2026-02-04T07:08:25","guid":{"rendered":"https:\/\/warm-voyage.com\/?page_id=1389"},"modified":"2026-02-04T07:08:25","modified_gmt":"2026-02-04T07:08:25","slug":"termes-et-conditions","status":"publish","type":"page","link":"https:\/\/warm-voyage.com\/?page_id=1389","title":{"rendered":"Termes et conditions"},"content":{"rendered":"<p>Bienvenue sur le site <a href=\"https:\/\/warm-voyage.com\/\">warm-voyage.com<\/a>!<\/p>\n<p>Les pr\u00e9sentes conditions d\u00e9crivent les r\u00e8gles et r\u00e9glements applicables \u00e0 l&rsquo;utilisation du site web <a href=\"https:\/\/warm-voyage.com\/\">warm-voyage.com<\/a> situ\u00e9 \u00e0<br \/>\nl&rsquo;adresse <a href=\"https:\/\/warm-voyage.com\/\">warm-voyage.com<\/a>.<\/p>\n<p>En acc\u00e9dant \u00e0 ce site Web, nous supposons que vous acceptez ces termes et conditions. Ne continuez \u00e0 utiliser le site<br \/>\nweb <a href=\"https:\/\/warm-voyage.com\/\">warm-voyage.com<\/a> que si vous acceptez tous les termes et conditions mentionn\u00e9s sur cette page.<\/p>\n<p>La terminologie suivante s\u2019applique aux pr\u00e9sentes conditions g\u00e9n\u00e9rales, \u00e0 la d\u00e9claration de confidentialit\u00e9 et \u00e0 l\u2019avis<br \/>\nde non-responsabilit\u00e9 et \u00e0 tous les accords: \u00a0\u00bb\u00a0Client\u00a0\u00ab\u00a0, \u00a0\u00bb\u00a0Vous\u00a0\u00a0\u00bb et \u00a0\u00bb\u00a0Votre\u00a0\u00a0\u00bb se r\u00e9f\u00e8rent \u00e0 vous, la personne qui se<br \/>\nconnecte sur ce site Web et est conforme aux conditions g\u00e9n\u00e9rales de la Soci\u00e9t\u00e9.\u00a0 \u00a0\u00bb\u00a0Soci\u00e9t\u00e9\u00a0\u00ab\u00a0, \u00a0\u00bb\u00a0Nous-m\u00eames\u00a0\u00ab\u00a0, \u00a0\u00bb\u00a0Nous\u00a0\u00ab\u00a0,<br \/>\n\u00a0\u00bb\u00a0Notre\u00a0\u00a0\u00bb et \u00a0\u00bb\u00a0Nous\u00a0\u00ab\u00a0, fait r\u00e9f\u00e9rence \u00e0 notre Soci\u00e9t\u00e9. \u00a0\u00bb\u00a0Partie\u00a0\u00ab\u00a0, \u00a0\u00bb\u00a0Parties\u00a0\u00a0\u00bb ou \u00a0\u00bb\u00a0Nous\u00a0\u00a0\u00bb d\u00e9signe \u00e0 la fois le Client<br \/>\net nous-m\u00eames. Tous les termes se r\u00e9f\u00e8rent \u00e0 l\u2019offre, l\u2019acceptation et la prise en compte du paiement n\u00e9cessaire pour<br \/>\nentreprendre le processus de notre assistance au client de la mani\u00e8re la plus appropri\u00e9e dans le but expr\u00e8s de r\u00e9pondre<br \/>\naux besoins du client en ce qui concerne la fourniture des services indiqu\u00e9s de la soci\u00e9t\u00e9, conform\u00e9ment \u00e0 et sous<br \/>\nr\u00e9serve de la loi en vigueur en France. Toute utilisation des termes susmentionn\u00e9s ou d&rsquo;autres mots au singulier, au<br \/>\npluriel, en majuscules et\/ou il\/elle ou ils sont consid\u00e9r\u00e9s comme interchangeables et se rapportent donc \u00e0 la m\u00eame<br \/>\nchose.<\/p>\n<p><b>Cookie<\/b><br \/>\nNous utilisons des cookies. En visitant le site web de <a href=\"https:\/\/warm-voyage.com\/\">warm-voyage.com<\/a>, vous acceptez l&rsquo;utilisation de cookies conform\u00e9ment<br \/>\n\u00e0 la politique de confidentialit\u00e9 de <a href=\"https:\/\/warm-voyage.com\/\">warm-voyage.com<\/a>.<\/p>\n<p>La plupart des sites web interactifs utilisent des cookies pour obtenir des informations sur l&rsquo;utilisateur \u00e0 chaque<br \/>\nvisite. Notre site utilise des cookies pour garantir la fonctionnalit\u00e9 de certaines zones et faciliter l&rsquo;utilisation de<br \/>\nnotre site par les visiteurs. Certains de nos partenaires\/publicitaires peuvent \u00e9galement utiliser des cookies.<\/p>\n<p><b>Licence<\/b><br \/>\nSauf indication contraire, <a href=\"https:\/\/warm-voyage.com\/\">warm-voyage.com<\/a> et\/ou ses conc\u00e9dants de licence sont propri\u00e9taires des droits de propri\u00e9t\u00e9<br \/>\nintellectuelle de tous les \u00e9l\u00e9ments figurant sur le site web de <a href=\"https:\/\/warm-voyage.com\/\">warm-voyage.com<\/a>. Tous les droits de propri\u00e9t\u00e9<br \/>\nintellectuelle sont r\u00e9serv\u00e9s. Vous pouvez acc\u00e9der au mat\u00e9riel du site web <a href=\"https:\/\/warm-voyage.com\/\">warm-voyage.com<\/a> pour votre usage personnel, \u00e0<br \/>\ncondition de respecter les restrictions \u00e9nonc\u00e9es dans les pr\u00e9sentes conditions d&rsquo;utilisation.<\/p>\n<p>Il ne faut pas:<\/p>\n<ul>\n<li>Republier le mat\u00e9riel du site <a href=\"https:\/\/warm-voyage.com\/\">warm-voyage.com<\/a>;<\/li>\n<li>Vendre, louer ou sous-licencier du mat\u00e9riel provenant du site <a href=\"https:\/\/warm-voyage.com\/\">warm-voyage.com<\/a>;<\/li>\n<li>Reproduire, dupliquer ou copier du mat\u00e9riel provenant du site <a href=\"https:\/\/warm-voyage.com\/\">warm-voyage.com<\/a>;<\/li>\n<li>Redistribuer le contenu du site web <a href=\"https:\/\/warm-voyage.com\/\">warm-voyage.com<\/a>.<\/li>\n<\/ul>\n<p>Les sections de ce site permettent aux utilisateurs de publier et d&rsquo;\u00e9changer des opinions et des informations dans des<br \/>\ndomaines sp\u00e9cifiques du site. <a href=\"https:\/\/warm-voyage.com\/\">warm-voyage.com<\/a> ne filtre pas, ne modifie pas, ne publie pas et ne v\u00e9rifie pas les<br \/>\ncommentaires avant de les publier sur le site. Les commentaires ne refl\u00e8tent pas les vues et opinions de <a href=\"https:\/\/warm-voyage.com\/\">warm-voyage.com<\/a>,<br \/>\nde ses repr\u00e9sentants et\/ou de ses soci\u00e9t\u00e9s affili\u00e9es. Les commentaires refl\u00e8tent les points de vue et les opinions de la<br \/>\npersonne qui publie ses propres points de vue et opinions. Dans la mesure o\u00f9 la loi le permet, <a href=\"https:\/\/warm-voyage.com\/\">warm-voyage.com<\/a> n&rsquo;est pas<br \/>\nresponsable des commentaires ou de toute responsabilit\u00e9, dommage ou co\u00fbt caus\u00e9 et\/ou encouru par l&rsquo;utilisation et\/ou la<br \/>\npublication et\/ou l&rsquo;apparition de commentaires sur ce site.<\/p>\n<p><a href=\"https:\/\/warm-voyage.com\/\">warm-voyage.com<\/a> se r\u00e9serve le droit de surveiller tous les commentaires et de supprimer tout commentaire jug\u00e9 inappropri\u00e9,<br \/>\ninsultant ou en violation des pr\u00e9sentes conditions g\u00e9n\u00e9rales.<\/p>\n<p>Vous garantissez et d\u00e9clarez que:<\/p>\n<ul>\n<li>Vous avez le droit de publier des commentaires sur notre site web et disposez de toutes les licences et<br \/>\n\t\tautorisations n\u00e9cessaires pour le faire;<\/li>\n<li>Les Commentaires n\u2019enfreignent aucun droit de propri\u00e9t\u00e9 intellectuelle, y compris, sans limitation, le droit<br \/>\n\t\td\u2019auteur, le brevet ou la marque de tout tiers;<\/li>\n<li>Les Commentaires ne contiennent pas de mat\u00e9riel calomnieux, diffamatoire, injurieux, obsc\u00e8ne ou autrement ill\u00e9gal<br \/>\n\t\tqui constitue une violation de la vie priv\u00e9e;<\/li>\n<li>Les Commentaires ne seront pas utilis\u00e9s pour promouvoir des activit\u00e9s commerciales ou personnelles ou pour<br \/>\n\t\trepr\u00e9senter des activit\u00e9s commerciales ou ill\u00e9gales.<\/li>\n<\/ul>\n<p>Vous accordez par la pr\u00e9sente \u00e0 <a href=\"https:\/\/warm-voyage.com\/\">warm-voyage.com<\/a> une licence non exclusive d&rsquo;utilisation, de reproduction et de modification<br \/>\nde vos Commentaires et autorisez d&rsquo;autres personnes \u00e0 utiliser, reproduire et modifier vos Commentaires sous quelque<br \/>\nforme, format ou support que ce soit.<\/p>\n<p>Lien hypertexte vers notre contenu<\/p>\n<p>Les organisations suivantes peuvent \u00e9tablir un lien vers notre site web sans autorisation \u00e9crite pr\u00e9alable:<\/p>\n<ul>\n<li>Organismes gouvernementaux;<\/li>\n<li>Moteurs de recherche;<\/li>\n<li>Organisations de presse;<\/li>\n<li>Soci\u00e9t\u00e9s proposant des catalogues en ligne peuvent \u00e9tablir un lien vers notre site Web, tout comme elles peuvent<br \/>\n\t\t\u00e9tablir un lien vers les sites Web d&rsquo;autres soci\u00e9t\u00e9s cot\u00e9es en bourse;<\/li>\n<li>Entreprises agr\u00e9\u00e9es, \u00e0 l&rsquo;exception des organisations \u00e0 but non lucratif, des centres commerciaux de bienfaisance<br \/>\n\t\tet des fondations caritatives, qui ne peuvent pas \u00e9tablir de liens vers notre site.<\/li>\n<\/ul>\n<p>Ces organisations peuvent \u00e9tablir un lien vers notre page d&rsquo;accueil, nos publications ou d&rsquo;autres informations sur le<br \/>\nsite, \u00e0 condition qu&rsquo;un tel lien (a) ne soit en aucun cas trompeur; (b) n&rsquo;implique pas de promotion, d&rsquo;approbation ou<br \/>\nd&rsquo;autorisation mensong\u00e8res de la partie li\u00e9e et de ses produits et\/ou services; (c) s&rsquo;inscrive dans le contexte du site<br \/>\nli\u00e9.<\/p>\n<p>Nous pouvons prendre en compte et approuver d&rsquo;autres demandes de liens \u00e9manant des types d&rsquo;organisations suivants:<\/p>\n<ul>\n<li>Sources d&rsquo;information g\u00e9n\u00e9ralement connues pour les consommateurs et\/ou les entreprises;<\/li>\n<li>Sites communautaires dot.com;<\/li>\n<li>Associations ou autres groupes repr\u00e9sentant des organisations caritatives;<\/li>\n<li>Distributeurs de catalogues en ligne;<\/li>\n<li>Portails Internet;<\/li>\n<li>Soci\u00e9t\u00e9s de comptabilit\u00e9, juridiques et de conseil;<\/li>\n<li>\u00c9tablissements d&rsquo;enseignement et les associations professionnelles.<\/li>\n<\/ul>\n<p>Nous accepterons les demandes de liens de ces organisations si nous d\u00e9terminons que (a) le lien n&rsquo;est pas pr\u00e9judiciable<br \/>\npour nous ou nos entreprises accr\u00e9dit\u00e9es; (b) l&rsquo;organisation n&rsquo;a pas de relation pr\u00e9judiciable avec nous; (c) les<br \/>\navantages que nous tirons de la visibilit\u00e9 de l&rsquo;hyperlien compensent le manque de kilo-octets r\u00e9els; et (d) le lien est<br \/>\nli\u00e9 \u00e0 des informations g\u00e9n\u00e9rales sur les ressources.<\/p>\n<p>Ces organisations peuvent \u00e9tablir un lien vers notre page d&rsquo;accueil, \u00e0 condition que le lien (a) ne soit en aucun cas<br \/>\ntrompeur; (b) n&rsquo;implique pas \u00e0 tort une promotion, un parrainage ou une approbation de la partie li\u00e9e et de ses produits<br \/>\nou services; et (c) s&rsquo;inscrive dans le contexte du site de la partie de liaison.<\/p>\n<p>Si vous \u00eates une des organisations mentionn\u00e9es dans la clause 2 et que vous souhaitez \u00e9tablir un lien vers notre site,<br \/>\nvous devez nous en informer par e-mail. Indiquez votre nom, le nom de l&rsquo;organisation, vos coordonn\u00e9es et l&rsquo;URL de votre<br \/>\nsite web, ainsi qu&rsquo;une liste des URL \u00e0 partir desquelles vous souhaitez \u00e9tablir un lien vers notre site web et une liste<br \/>\ndes URL de nos sites web vers lesquels vous souhaitez \u00e9tablir un lien. Attendez une r\u00e9ponse dans un d\u00e9lai de 2 \u00e0 3<br \/>\nsemaines.<\/p>\n<p>Les organisations autoris\u00e9es peuvent \u00e9tablir un lien vers notre site web de la mani\u00e8re suivante:<\/p>\n<ul>\n<li>soit avec le nom de notre soci\u00e9t\u00e9 dessus;<\/li>\n<li>soit en utilisant le localisateur de ressources uniforme auquel il est li\u00e9;<\/li>\n<li>ou en utilisant toute autre description de notre site Web li\u00e9e \u00e0 celle qui a du sens dans le contexte et le format<br \/>\n\t\tdu contenu sur le site de la partie de liaison.<\/li>\n<\/ul>\n<p>L&rsquo;utilisation du logo <a href=\"https:\/\/warm-voyage.com\/\">warm-voyage.com<\/a> ou de toute autre cr\u00e9ation artistique n&rsquo;est pas autoris\u00e9e pour les liens, \u00e0 moins<br \/>\nqu&rsquo;un contrat de licence de marque n&rsquo;ait \u00e9t\u00e9 conclu.<\/p>\n<p><b>IFRAME<\/b><br \/>\nVous ne pouvez pas cr\u00e9er de cadres autour de nos pages web qui modifient de quelque mani\u00e8re que ce soit la pr\u00e9sentation<br \/>\nvisuelle ou l&rsquo;apparence de notre site web sans autorisation \u00e9crite pr\u00e9alable.<\/p>\n<p><b>Responsabilit\u00e9 en mati\u00e8re de contenu<\/b><br \/>\nNous ne sommes pas responsables du contenu publi\u00e9 sur votre site. Vous vous engagez \u00e0 nous d\u00e9fendre contre toute<br \/>\nr\u00e9clamation d\u00e9coulant de l&rsquo;utilisation de votre site. Il est interdit de cr\u00e9er des liens vers des sites qui pourraient<br \/>\n\u00eatre interpr\u00e9t\u00e9s comme diffamatoires, obsc\u00e8nes ou criminels, ou qui violent, enfreignent ou enfreignent de toute autre<br \/>\nmani\u00e8re les droits de tiers.<\/p>\n<p><b>Votre vie priv\u00e9e<\/b><br \/>\nLisez notre politique de confidentialit\u00e9<br \/>\nNous nous r\u00e9servons les droits<br \/>\nNous nous r\u00e9servons le droit de supprimer tout lien ou toute r\u00e9f\u00e9rence sp\u00e9cifique \u00e0 notre site. Vous vous engagez \u00e0<br \/>\nsupprimer imm\u00e9diatement tout lien vers notre site web sur demande. Nous nous r\u00e9servons \u00e9galement le droit de modifier \u00e0<br \/>\ntout moment les pr\u00e9sentes conditions et la politique en mati\u00e8re de liens. En cr\u00e9ant \u00e0 tout moment un lien vers notre<br \/>\nsite web, vous acceptez d&rsquo;\u00eatre li\u00e9 par ces conditions et de les respecter.<\/p>\n<p>Suppression de liens de notre site web<\/p>\n<p>Si vous trouvez un lien sur notre site web qui est r\u00e9pr\u00e9hensible pour une raison quelconque, vous pouvez nous contacter<br \/>\n\u00e0 tout moment pour nous en informer. Nous examinerons les demandes de suppression de liens, mais nous ne sommes pas<br \/>\ntenus de r\u00e9pondre directement \u00e0 l&rsquo;utilisateur.<\/p>\n<p>Nous ne garantissons pas l&rsquo;exactitude des informations sur ce site web, ni ne garantissons leur exhaustivit\u00e9 ou leur<br \/>\npr\u00e9cision; nous ne nous engageons pas non plus \u00e0 rendre le site web disponible ou \u00e0 maintenir \u00e0 jour le mat\u00e9riel sur le<br \/>\nsite web.<\/p>\n<p><b>Clause de non-responsabilit\u00e9<\/b><br \/>\nDans la mesure o\u00f9 la loi applicable le permet, nous excluons toutes les repr\u00e9sentations, garanties et conditions<br \/>\nrelatives \u00e0 notre site Web et \u00e0 votre utilisation de ce site. Rien dans cette clause de non-responsabilit\u00e9 ne pourra:<\/p>\n<ul>\n<li>limiter ou exclure notre ou votre responsabilit\u00e9 en cas de d\u00e9c\u00e8s ou de blessure corporelle;<\/li>\n<li>limiter ou exclure notre ou votre responsabilit\u00e9 en cas de fraude ou de d\u00e9claration frauduleuse;<\/li>\n<li>limiter notre responsabilit\u00e9 ou la v\u00f4tre d&rsquo;une mani\u00e8re qui n&rsquo;est pas autoris\u00e9e par la loi applicable;<\/li>\n<li>exclure toute responsabilit\u00e9 de notre part ou de la v\u00f4tre qui ne peut \u00eatre exclue en vertu de la loi applicable.\n\t<\/li>\n<\/ul>\n<p>Les limitations et exclusions de responsabilit\u00e9 figurant dans cette section et ailleurs dans cette clause de<br \/>\nnon-responsabilit\u00e9: (a) sont r\u00e9gies par le paragraphe pr\u00e9c\u00e9dent; et (b) r\u00e9gissent toutes les responsabilit\u00e9s d\u00e9coulant<br \/>\nde cette clause de non-responsabilit\u00e9, y compris la responsabilit\u00e9 contractuelle, d\u00e9lictuelle et la violation des<br \/>\nobligations l\u00e9gales.<\/p>\n<p>Tant que le site web et les informations et services qu&rsquo;il contient sont mis \u00e0 disposition gratuitement, nous ne sommes<br \/>\npas responsables des pertes ou dommages de quelque nature que ce soit.<\/p>\n","protected":false},"excerpt":{"rendered":"<p>Bienvenue sur le site warm-voyage.com! Les pr\u00e9sentes conditions d\u00e9crivent les r\u00e8gles et r\u00e9glements applicables \u00e0 l&rsquo;utilisation du site web warm-voyage.com situ\u00e9 \u00e0 l&rsquo;adresse warm-voyage.com. En acc\u00e9dant \u00e0 ce site Web,&hellip;<\/p>\n","protected":false},"author":1,"featured_media":0,"parent":0,"menu_order":0,"comment_status":"closed","ping_status":"closed","template":"","meta":{"footnotes":""},"class_list":["post-1389","page","type-page","status-publish","hentry"],"_links":{"self":[{"href":"https:\/\/warm-voyage.com\/index.php?rest_route=\/wp\/v2\/pages\/1389","targetHints":{"allow":["GET"]}}],"collection":[{"href":"https:\/\/warm-voyage.com\/index.php?rest_route=\/wp\/v2\/pages"}],"about":[{"href":"https:\/\/warm-voyage.com\/index.php?rest_route=\/wp\/v2\/types\/page"}],"author":[{"embeddable":true,"href":"https:\/\/warm-voyage.com\/index.php?rest_route=\/wp\/v2\/users\/1"}],"replies":[{"embeddable":true,"href":"https:\/\/warm-voyage.com\/index.php?rest_route=%2Fwp%2Fv2%2Fcomments&post=1389"}],"version-history":[{"count":1,"href":"https:\/\/warm-voyage.com\/index.php?rest_route=\/wp\/v2\/pages\/1389\/revisions"}],"predecessor-version":[{"id":1390,"href":"https:\/\/warm-voyage.com\/index.php?rest_route=\/wp\/v2\/pages\/1389\/revisions\/1390"}],"wp:attachment":[{"href":"https:\/\/warm-voyage.com\/index.php?rest_route=%2Fwp%2Fv2%2Fmedia&parent=1389"}],"curies":[{"name":"wp","href":"https:\/\/api.w.org\/{rel}","templated":true}]}}